848 a multiple of 33?
False
Is 442787604 a multiple of 21?
True
Does 3 divide 17984643?
True
Is 56531865 a multiple of 239?
True
Is 69 a factor of 811785690?
True
Is 12183585 a multiple of 56?
False
Is 21 a factor of 309218133?
True
Is 11 a factor of 2104097017?
True
Does 4515 divide 59792145?
True
Is 12 a factor of 228368496?
True
Does 1406 divide 16437704?
False
Does 747 divide 144533295?
True
Does 1315 divide 16363150?
False
Does 17 divide 416399967?
False
Is 20073126 a multiple of 6?
True
Is 5 a factor of 1390800?
True
Is 42 a factor of 16813749?
False
Does 160 divide 39174240?
True
Is 20029162 a multiple of 527?
True
Does 25 divide 2019175?
True
Is 29212192 a multiple of 94?
True
Is 5447659940 a multiple of 10?
True
Is 9 a factor of 3109368670?
False
Is 17660500 a multiple of 418?
True
Is 2233 a factor of 4924459463?
True
Does 4 divide 1231877676?
True
Is 32350500 a multiple of 711?
True
Is 257696208 a multiple of 854?
True
Is 1050105616 a multiple of 2573?
False
Does 187 divide 6244517?
False
Is 170 a factor of 59911910?
True
Does 166 divide 258195570?
True
Is 7018957 a multiple of 2600?
False
Does 29 divide 3192349?
True
Is 28 a factor of 1703689428?
True
Does 93 divide 541292592?
False
Is 5616842 a multiple of 96?
False
Is 81196638 a multiple of 1741?
False
Is 12080004 a multiple of 101?
True
Is 2990 a factor of 718326414?
False
Is 622279094 a multiple of 773?
False
Is 268 a factor of 704542782?
False
Is 67 a factor of 113698713?
False
Is 7053 a factor of 1955578257?
True
Does 194 divide 103339709?
False
Is 463555008 a multiple of 399?
True
Is 85965792 a multiple of 88?
True
Is 26745050 a multiple of 983?
False
Is 29 a factor of 81820252?
True
Does 9 divide 301395690?
True
Is 16821888 a multiple of 8?
True
Is 778050156 a multiple of 1287?
False
Is 90402660 a multiple of 12?
True
Does 445 divide 148133476?
False
Is 43912971 a multiple of 171?
True
Is 20 a factor of 10358590?
False
Does 3064 divide 140456824?
True
Does 86 divide 51946924?
True
Is 525 a factor of 256176935?
False
Does 400 divide 131989260?
False
Does 114 divide 2155332222?
True
Is 207 a factor of 140083938?
True
Does 204 divide 37554926?
False
Is 278053371 a multiple of 59?
True
Is 17 a factor of 3098248300?
True
Does 26 divide 25258602?
False
Is 230 a factor of 1579152400?
True
Is 157 a factor of 34079846?
False
Is 175 a factor of 1400015220?
False
Is 46 a factor of 298569090?
False
Is 11491174 a multiple of 9?
False
Does 899 divide 28741929?
True
Is 2035 a factor of 85492385?
True
Is 1849 a factor of 69061839?
False
Is 65489340 a multiple of 1205?
True
Does 65 divide 331053385?
True
Does 70 divide 64958390?
True
Is 151736336 a multiple of 368?
True
Is 8 a factor of 141984732?
False
Is 7 a factor of 5832932?
True
Does 29 divide 2194062219?
False
Is 1298217150 a multiple of 111?
True
Is 1407291307 a multiple of 15?
False
Is 163693275 a multiple of 5?
True
Is 57 a factor of 155593157?
False
Is 3403 a factor of 179327891?
True
Does 2785 divide 500807421?
False
Does 469 divide 27744164?
True
Does 33 divide 1075685026?
False
Does 603 divide 265228947?
True
Is 148 a factor of 3361086808?
True
Does 7013 divide 3443967376?
False
Is 7 a factor of 2161112819?
False
Does 12 divide 24191792?
False
Is 5 a factor of 25283958?
False
Is 462 a factor of 17652096?
True
Is 183763508 a multiple of 212?
True
Is 367892668 a multiple of 19?
True
Is 34570027 a multiple of 17?
True
Is 296 a factor of 135314624?
True
Is 1610213356 a multiple of 5779?
False
Is 43 a factor of 260410107?
True
Does 124 divide 21077272?
True
Does 1722 divide 590950794?
True
Does 139 divide 151316234?
True
Is 230 a factor of 4444750?
True
Is 51219174 a multiple of 425?
False
Is 4221 a factor of 136832157?
True
Is 246 a factor of 5980865?
False
Does 72 divide 339480072?
True
Does 420 divide 9976260?
True
Is 42 a factor of 3683316?
True
Does 189 divide 860453?
False
Is 155 a factor of 3265478465?
True
Is 83 a factor of 9259065?
True
Is 11 a factor of 1085990010?
False
Does 2255 divide 62813025?
True
Is 335 a factor of 100136860?
True
Does 11850 divide 789720924?
False
Is 51000096 a multiple of 406?
True
Does 78 divide 10386845?
False
Is 929 a factor of 26336221?
True
Does 812 divide 84934388?
True
Does 19 divide 37021671?
True
Does 371 divide 5638711?
False
Is 718687153 a multiple of 1643?
False
Is 6711311 a multiple of 212?
False
Does 5004 divide 638002256?
False
Does 41 divide 17429756?
True
Is 14 a factor of 257804607?
False
Is 1605187528 a multiple of 843?
False
Is 54788318 a multiple of 13?
True
Is 131 a factor of 171424718?
False
Does 935 divide 288279200?
True
Is 54 a factor of 1326774?
False
Does 33 divide 18186102?
True
Is 839357809 a multiple of 3780?
False
Is 9501254 a multiple of 96?
False
Does 1226 divide 28830700?
False
Does 15 divide 6808410?
True
Is 108787687 a multiple of 41?
False
Does 303 divide 40917120?
True
Is 88 a factor of 1632618768?
True
Is 4349 a factor of 875092733?
True
Is 790225758 a multiple of 846?
True
Is 6 a factor of 330624012?
True
Is 329 a factor of 9974367?
False
Is 12 a factor of 200024004?
True
Is 229 a factor of 2180309?
True
Is 672090513 a multiple of 108?
False
Is 3140 a factor of 102201200?
False
Is 944 a factor of 3597312128?
True
Does 8018 divide 1030505432?
True
Does 407 divide 111637627?
False
Does 2173 divide 566684141?
False
Is 4572197 a multiple of 287?
True
Does 577 divide 324226578?
False
Is 5 a factor of 18695285?
True
Does 106 divide 37461142?
True
Is 58311576 a multiple of 174?
True
Does 136 divide 163214106?
False
Is 22 a factor of 8902859?
False
Does 27 divide 1591517547?
False
Is 40107687 a multiple of 33?
False
Is 576 a factor of 1173267072?
True
Is 67321432 a multiple of 172?
False
Does 3233 divide 3828744192?
False
Is 236281150 a multiple of 175?
True
Does 187 divide 575294602?
False
Does 36 divide 4103784?
True
Does 534 divide 610932312?
True
Does 17 divide 1621736406?
False
Does 6833 divide 864767497?
False
Is 975493648 a multiple of 16?
True
Does 31 divide 4920320?
True
Is 2292 a factor of 2878160664?
True
Is 43 a factor of 151583987?
True
Does 34 divide 30927182?
True
Does 266 divide 2327264856?
True
Is 8 a factor of 281550?
False
Is 5652388 a multiple of 938?
True
Is 1116 a factor of 677600604?
True
Is 55 a factor of 77021719?
False
Does 43 divide 84296254?
True
Does 53 divide 92041670?
False
Is 18 a factor of 1040313?
False
Does 998 divide 197720766?
True
Does 63 divide 298746?
True
Is 404 a factor of 13981632?
True
Is 223489150 a multiple of 25?
True
Is 234103828 a multiple of 101?
False
Is 116 a factor of 14395484?
True
Is 124575261 a multiple of 157?
True
Does 32 divide 66638614?
False
Is 4 a factor of 57789318?
False
Is 2032295657 a multiple of 1568?
False
Does 64 divide 1159177856?
True
Does 2117 divide 30690361?
False
Does 3 divide 126284618?
False
Does 4475 divide 1044075675?
True
Does 911 divide 10757999?
True
Does 41 divide 688475977?
True
Does 147 divide 7237839?
True
Does 2383 divide 105228514?
True
Is 34 a factor of 946742406?
False
Does 4 divide 578042554?
False
Is 35437810 a multiple of 15?
False
Is 15265146 a multiple of 762?
True
Is 916719499 a multiple of 307?
True
Is 166418460 a multiple of 65?
True
Is 44 a factor of 936689072?
True
Is 49166376 a multiple of 532?
True
Does 36 divide 155762712?
True
Is 1134117466 a multiple of 53?
False
Does 65 divide 107442671?
False
Is 2 a factor of 2041553?
False
Does 834 divide 2597076?
True
Is 166 a factor of 1691440234?
True
Is 338822723 a multiple of 42?
False
Is 209157250 a multiple of 3350?
True
Is 4884851 a multiple of 1739?
True
Is 438303803 a multiple of 3001?
False
Does 180 divide 71530380?
True
Is 495 a factor of 118920780?
True
Is 467892821 a multiple of 528?
False
Is 75 a factor of 1788028725?
True
Is 1522 a factor of 89686426?
False
Does 11 divide 12783573?
True
Does 57 divide 150324219?
True
Is 10 a factor of 332294824?
False
Does 757 divide 28971433?
False
Is 1241235402 a multiple of 66?
True
Is 23 a factor of 11911125?
True
Does 14 divide 416736040?
True
Does 489 divide 180338799?
True
Does 15 divide 472082655?
True
Does 14 divide 52894226?
True
Does 35 divide 75174494?
False
Does 593 divide 11222581?
False
Does 2 divide 8898860?
True
Is 27387381 a multiple of 22?
False
Is 547581